 0 = -2*k + 8 + 6. Let b(o) = 14*o**2 + 228 + 2*o + 256 - 472 - 2*o**3. Calculate the remainder when b(k) is divided by 3.
2
Let w = -33 - -53. Let r be ((-20)/35)/((-4)/14). Suppose -4*t + w = 4, t = -r*m + 108. What is the remainder when 204 is divided by m?
48
Suppose -2*s + 2872 = 3*s - 2*m, 4*s - 2312 = 4*m. Calculate the remainder when s is divided by 24.
20
Let a(m) = -74*m + 1219. Calculate the remainder when a(13) is divided by 28.
5
Let d be (-34)/272 + (-34)/(-16). Suppose -2*o = o + d*y - 87, 0 = -4*y. Calculate the remainder when 39 is divided by o.
10
Let d = 34084 - 34078. What is the remainder when 4/(-6) - (-460)/6 is divided by d?
4
Let c = 1307 - 1024. Calculate the remainder when c is divided by (2 - -18)*15/20.
13
Let m(l) be the first derivative of 9*l**2/2 - 51*l + 589. Suppose 5*i - 3*n - 58 = 0, 4*n - 12 = n. Calculate the remainder when m(i) is divided by 13.
10
Let x = -24 + 55. Let s = 93 - x. Suppose 2*l - s - 65 = -5*o, 0 = -4*l + o + 221. What is the remainder when l is divided by 19?
18
Let a = 496 + -287. Suppose 53 = -5*s - 107. Calculate the remainder when a is divided by (-849)/(-24) - (-12)/s.
34
Suppose 0 = -4*o + 3*r - 3197 + 10886, -r - 15363 = -8*o. Calculate the remainder when o is divided by 30.
0
Let r(p) = -2*p**2 - 5*p + 9. Let y be r(-6). Let l = y - -37. Suppose -4*t - w = -203, 3*t - l*w - 133 = 5. What is the remainder when t is divided by 14?
8
Let n(m) = 16*m - 5*m**2 - 44 - 17*m**2 + 21*m**2. Calculate the remainder when 188 is divided by n(7).
17
Let n be (-50)/(-5) - 4 - (0 - 2). Suppose -5*s + s = -n, -5*u + 4*s = -162. What is the remainder when (-1)/((-2)/(266 - 0)) is divided by u?
31
Suppose -71*j + 80*j - 270 = 0. Suppose 25*g - j*g + 1340 = 0. What is the remainder when g is divided by 10?
8
Suppose -15*b = -18*b + 468. Let j = b + -70. What is the remainder when j is divided by 11?
9
Let c be (-1)/(2676/(-668) - -4). Suppose -l + 5*m - 14 = -63, c = 3*l - 5*m. Let x = -42 + l. What is the remainder when x is divided by 9?
8
Suppose -33 = 3*r - 4*r. Suppose -7*x = -10*x + r. Let n = -1593 + 1668. Calculate the remainder when n is divided by x.
9
Suppose 0 = -2*k - 21*k - 16*k + 4875. What is the remainder when 6249 is divided by k?
124
Suppose -220 = 3*w + 71. Let k = w + 139. Calculate the remainder when k is divided by (-429)/((-2013)/61) + 0 + 4/2.
12
Let s be (-4)/8 - 3218/4. Let y = s + 530. Let g = 544 + y. What is the remainder when g is divided by 34?
31
Let y = -2277 - -2915. What is the remainder when y is divided by 64?
62
Let t be ((-1)/((-2)/(-2)))/((-26)/52). What is the remainder when (2/t - -955)*18/72 is divided by 11?
8
Suppose -7*w = -3*w + 3*w. Suppose -2*c - 2*d + 30 = w, 5*d + 0*d + 95 = 5*c. Calculate the remainder when (8/6)/((-4)/(-78)) is divided by c.
9
Let a = -183 + 191. Calculate the remainder when 92 is divided by (6/a)/(-6 + (-1734)/(-288)).
20
Let n(j) = -j**3 - 67*j**2 + 132*j - 137. Calculate the remainder when n(-69) is divided by 35.
32
Let b(d) = 16*d - 54. Let k be b(4). Suppose -k*l + 314 = 44. What is the remainder when 33 is divided by l?
6
Let l = 485 - 134. What is the remainder when 1055 is divided by l?
2
Calculate the remainder when 876 is divided by 3 + (-22)/11 + 11/(11/182).
144
Let w(q) = -q**2 - 14*q - 6. Suppose 6*r - 3*r - 63 = 0. Let x = -34 + r. What is the remainder when 15 is divided by w(x)?
1
Suppose -12 = -5*l - 17. Calculate the remainder when 0 + l - (-101 + (5 - -1)) is divided by 36.
22
Let o = 421 - 391. Suppose 3*u = -g + 35, 2*g - u - 3*u - o = 0. What is the remainder when g is divided by 9?
5
Let l(z) = -5*z + 1. Let d(v) = 7*v + 16. Let a be d(4). Suppose -a*x = -40*x - 240. What is the remainder when x is divided by l(-3)?
12
Suppose 71*v - 114403 = -21180. Calculate the remainder when v is divided by 118.
15
Suppose w - 4*p + 2 = 0, 13 + 17 = w + 4*p. Suppose 0 = -w*i + 12*i + 30. What is the remainder when 343 is divided by i?
13
Let y = -38 - -43. Suppose y*c - 8 = 7. Let o(b) = -b**3 + 3*b**2 + 7*b. What is the remainder when o(c) is divided by 8?
5
Suppose 4*o + 2*u = 28, -3*o - 3*u + 11 = u. Let q = o + -8. What is the remainder when q*(24 - 0 - 4) is divided by 7?
6
Let v = 2656 + -144. Calculate the remainder when v is divided by 40.
32
Suppose -4247 - 7433 = -9*g - 1249. What is the remainder when g is divided by 384?
7
Suppose -3*q + 363 = 4*t, -t - 4*q + 5*q = -96. What is the remainder when (t*(-1 + 3))/(-6 - -7) is divided by 38?
34
Let h = -46 - -53. Suppose h*r + 189 = 8*r. What is the remainder when r is divided by 16?
13
Suppose 4*y + 4*m = 299 + 301, 2*y = 6*m + 292. Suppose -3*x + 258 = 27. Calculate the remainder when y is divided by x.
72
Let x(t) = t**3 - 11*t**2 + 24*t - 35. What is the remainder when x(12) is divided by 40?
37
Let z(f) = -15*f + 1. Suppose 4*v = -4*i + 3 + 9, -2*v + i = 9. What is the remainder when z(v) is divided by 11?
9
Suppose 8 = 2*u, f + 5*u - 11 - 8 = 0. Suppose 6*s - 2*s - 104 = 0. What is the remainder when s is divided by (33/22)/(f/(-6))?
8
Let t be (-51)/(-18) + -3 + (-508)/(-24). Let i = t - 8. Suppose 163 = 3*f + 2*d, 0 = 3*f - 3*d + 41 - 179. Calculate the remainder when f is divided by i.
12
Let a = 1905 - 1736. Calculate the remainder when 339 is divided by a.
1
Let g(u) = 4*u + 6. Let z = 6210 + -6187. Calculate the remainder when g(6) is divided by z.
7
Suppose 14*c = 9*c - 2140. Let k = -159 - c. What is the remainder when k is divided by 15?
14
Let a = -15 - -10. Let j(v) = -16 + 6*v**2 + 4*v + 8 + 4 + 10 + v**3. What is the remainder when 64 is divided by j(a)?
9
Let f(k) = -1659*k - 13487. What is the remainder when f(-9) is divided by 156?
40
Suppose 107894*l - 107938*l = -2068. Suppose 0 = -3*o + 31 + 5. Calculate the remainder when l is divided by o.
11
Suppose 8 + 14 = 2*s. Suppose 2*i - 126 = 16. Let v = i - -48. Calculate the remainder when v is divided by s.
9
Let o(j) = 15*j**3 - j**2 + 7*j + 4. Let h be o(3). Let k = 456 - h. Calculate the remainder when 662 is divided by k.
32
Let y(x) = -6*x - 19. Let b(l) = -29*l - 94. Let h(u) = -2*b(u) + 11*y(u). What is the remainder when h(-9) is divided by 11?
7
Suppose -8*s = -15*s + 21. What is the remainder when (3 + -12)*8/(-3) is divided by 7 - s - 3*-3 - 3?
4
Let c = 5492 - 5483. What is the remainder when 130 is divided by c?
4
Let u = -157 - 1282. Let s = -165 - u. What is the remainder when s is divided by 58?
56
Let j(d) = -d**3 - 28*d**2 + 594*d + 255. Calculate the remainder when 751 is divided by j(-42).
1
Suppose -3*y - 2*c = -143, 17*c - 8*c = -y + 56. What is the remainder when 421 is divided by y?
45
Suppose 2*p - 3*k - 9 = -p, -3*k = -2*p + 2. Let o(t) = -20*t**2 + 153*t - 16. What is the remainder when 290 is divided by o(p)?
65
Suppose 6*x - 484 = -466. What is the remainder when 150 is divided by (-1121)/(-57) - 1*2/x?
17
Let i(n) = -46*n - 26. Let v be i(-3). Let g = 186 - v. Suppose 5*y - g = 101. What is the remainder when y is divided by 6?
5
Suppose -2*y = 2*r + 390, -r + y = -2*y + 195. Let v = 290 + r. Calculate the remainder when v is divided by 36.
23
Let j(a) = -8*a**3 + 3*a**2 - 4*a - 3. Let c be j(-2). What is the remainder when 113 is divided by ((-367)/(-9) - (-18)/c) + -3?
37
Let m(k) = k**2 - 3*k - 3339. Calculate the remainder when m(65) is divided by 42.
19
Let v = 5047 + -4946. What is the remainder when 294 is divided by v?
92
Let b = 40 - -100. Suppose -67 - b = -v. What is the remainder when v is divided by 10?
7
Let r(u) = 12*u - 7. Let o be -1 + ((-6)/2)/((-15)/10). Let b be 3 + -1 - (-2 + o). What is the remainder when r(b) is divided by 16?
13
Suppose -q + 11 = 4*s - 8, -3*s - 2 = 4*q. Suppose 0 = -s*i - 11*i + 663. Calculate the remainder when 63 is divided by i.
24
Let y(t) = 75*t**2 - 29*t + 96. What is the remainder when y(3) is divided by 172?
168
Suppose -4*q = -36*q + 1024. Calculate the remainder when q is divided by 8/(-14) + (-2)/(14/(-53)).
4
Let k(c) = 22*c - 1. Let m(p) = p**3 - 9*p**2 - 34*p + 6. Let n be m(-16). What is the remainder when (n/100)/((-3)/4 - 0) is divided by k(1)?
15
Let s(m) = 2*m**2 - 35*m + 10. Let a be s(18). Suppose c - a = -5*u, -46 = 8*c - 12*c + 2*u. What is the remainder when c is divided by 7?
6
Suppose 8*p 